Calculate the remainder when 19 is divided by b(w).
9
Suppose -2*b - b = -66. Suppose b = 4*g - 2*g. Calculate the remainder when 19 is divided by g.
8
Let g(j) = -5*j. Let n be g(-1). Suppose 3*l + 2 = n. Let r = l - -4. What is the remainder when 9 is divided by r?
4
Let y = 17 + 57. Suppose i - 21 + 2 = 0. What is the remainder when y is divided by i?
17
Let r be (-1 - 1)/(2/(-4)). Suppose 3*o - 4*o + 2*k + 20 = 0, r*k = -12. Calculate the remainder when (40/3)/((-1)/(-3)) is divided by o.
12
Suppose 4*d = -16, j + 0*d - 2*d = 11. Let y = -37 + 40. What is the remainder when j is divided by y?
0
Suppose 0 = -4*r - 2 - 42. Let b = 26 + r. Calculate the remainder when 3*((-232)/(-3))/4 is divided by b.
13
Let z = -185 - -199. What is the remainder when z is divided by 2?
0
Suppose 4*w - 87 = 41. Let n(d) be the second derivative of d**5/20 + d**4/2 - 3*d**3/2 - 3*d**2/2 + 5*d. Calculate the remainder when w is divided by n(-7).
10
Calculate the remainder when (-41)/(-2) + (-10)/4 is divided by 7.
4
Calculate the remainder when 42 is divided by 2 - ((-30)/40)/((-1)/(-4)).
2
Let v(t) = -t**3 + 5*t**2 - 7*t + 48. What is the remainder when v(5) is divided by 7?
6
Let z = -9 + 6. Let b = -25 + 41. Let k = b - z. Calculate the remainder when k is divided by 7.
5
Let o(i) = 3*i**2 - 2*i + 4. Let q be o(3). What is the remainder when 24 is divided by (q - -1)*2/4?
11
Let r = -4 - -6. Suppose o - 14 = 4. What is the remainder when o is divided by 18/r - 1 - -2?
8
Suppose -4*s + 54 = 14. Calculate the remainder when 33 is divided by s.
3
Let k = 15 - 9. Calculate the remainder when k is divided by 4.
2
Let x = -10 - -19. Let s = 22 - 5. Suppose 3*p = 65 - s. What is the remainder when p is divided by x?
7
Let r(t) = 6*t. What is the remainder when 37*(-7 - -8) + -3 is divided by r(2)?
10
What is the remainder when 19 is divided by 79/7 + 6/(-21)?
8
Suppose x = -f + 2, 0 = -0*f + 2*f - 4. Suppose x = -5*s + 20. What is the remainder when 6 is divided by s?
2
Suppose -j + 3*x + 23 = -2*x, 3*j + 5*x = 9. What is the remainder when (-1424)/(-96) - 1/(-6) is divided by j?
7
Suppose -3*h + 228 = -3*z, 2*z - 296 = -4*h - 2*z. Calculate the remainder when (-48)/(-10)*h/10 is divided by 19.
17
Let k = 10 + -6. Calculate the remainder when (3/9)/((-1)/(-15)) is divided by k.
1
Let a = 10 + -8. Suppose 10*x - 5*x + 4*b - 24 = 0, -a*x + 3 = -5*b. What is the remainder when x is divided by 2?
0
Suppose -2*h - 4 = -26. What is the remainder when 52 is divided by h?
8
Suppose 7*u = 4*u + 207. Calculate the remainder when u is divided by 24.
21
Suppose 572 = 4*y + 92. Suppose s + y = 6*s. What is the remainder when 93 is divided by s?
21
Suppose 4*f + 3*y + 0*y = 47, 2*f - 1 = 3*y. Suppose f - 48 = -5*l. What is the remainder when 29 is divided by l?
5
Let a(v) = v**2 - 6*v. Let z be a(7). Suppose n - 3*o + 1 = -0, o = -n + z. What is the remainder when (1/3)/((-9)/(-378)) is divided by n?
4
Let c be 306/(-15)*-1*5. Suppose -w + 4*w = c. Let k = -11 - -23. Calculate the remainder when w is divided by k.
10
Suppose -132 - 156 = -8*h. Calculate the remainder when h is divided by 14.
8
Suppose 5 = -5*o, -5*b - o + 0*o = -89. Let d = 25 + 35. Suppose -2*w + d = 2*c, -2*w - 2*c + 5*c + 85 = 0. Calculate the remainder when w is divided by b.
17
Calculate the remainder when 44 is divided by (-50)/4*(11 - 13).
19
Let l = -2 + 43. Suppose 0 = -t - 9 + 1. What is the remainder when l is divided by t/10*(-70)/4?
13
Suppose -3 = 5*x - 4*x. Calculate the remainder when 11 is divided by x/(-6*(-2)/(-16)).
3
Let d = -50 - -66. What is the remainder when d is divided by 7?
2
Suppose 3*f + 3*i + 2*i = 143, 5*f + i = 275. Let d = -5 + f. What is the remainder when d is divided by 13?
12
Suppose -3*h + g + 11 = -3*g, 2*h = -g + 11. Suppose -h*a - 2*i = i - 184, 5*i + 160 = 5*a. Calculate the remainder when a is divided by 12.
11
Let t(y) = y. Calculate the remainder when 7 is divided by t(2).
1
Let c(w) = -5*w + 2. Calculate the remainder when c(-2) is divided by 2/4 - (-52)/8.
5
What is the remainder when 29 - (70/20 - 2/4) is divided by (1 - 0)*-3*-3?
8
Let r(s) = 2*s**2 + s. Let i(o) = o**2 - 9*o + 10. Let m be i(8). What is the remainder when r(-1) is divided by (1/m)/((-2)/(-4))?
0
Suppose 3*l - 2*z - 21 = z, -3*z - 18 = -2*l. Suppose 0 = 5*j - l*j + 50. Let m = j - -47. Calculate the remainder when m is divided by 12.
10
Let f(r) = r**3 + 10*r**2 + 6*r - 19. Calculate the remainder when (-9)/(-6)*(-84)/(-9) is divided by f(-9).
6
Let k be (-1)/(-2)*(-8)/(-1). Suppose -k - 1 = -d. What is the remainder when d is divided by 2?
1
Suppose -58 = -4*f + 30. Calculate the remainder when 87 is divided by f.
21
Suppose 4*f + 5*c = -0*f + 1, 6 = -5*f + c. Let l be f*0*(0 + 1). Let a(d) = -d**3 - d + 5. What is the remainder when 13 is divided by a(l)?
3
Suppose -5*b = -9 - 1. Calculate the remainder when 66/b + (0 - -1) is divided by 12.
10
Let z be (-2)/(-2 - 8/(-6)). What is the remainder when (z*-5)/((-1)/1) is divided by 4?
3
Let u = 23 - 11. Calculate the remainder when 43 is divided by u.
7
Let v = -4 + 27. Calculate the remainder when 67 is divided by v.
21
Suppose -3*k + 2*k = -5*s + 83, -2*k = 4*s - 58. Let z(w) = 6*w**3 + w**2 - 3*w + 1. Calculate the remainder when z(2) is divided by s.
15
Let c = 5 - -10. What is the remainder when 22 is divided by 3/((-3)/3) + c?
10
Let w(s) = s + 10. Suppose 3*i - 15 = -2*i. Calculate the remainder when w(-5) is divided by i.
2
Let y = -4 + 10. Let h = y - -28. Calculate the remainder when h is divided by 12.
10
Suppose 60 = 4*u + u - f, 45 = 5*u - 4*f. Calculate the remainder when 37 is divided by u.
11
Let f = 106 + -94. Let z(n) = 2*n**2 - n. Calculate the remainder when z(-3) is divided by f.
9
Let i(r) = -r**2 + 5. Let l be i(0). Suppose a = -a + 8. Suppose w + a*d = 13, -12 = -w - 2*d + l. Calculate the remainder when 41 is divided by w.
20
Let t(d) = 1 + 3*d - 4*d - 5. Let v be t(-6). Suppose -5*k = 5*z - 20, 3*k - 10 = v*z - 6*z. Calculate the remainder when 23 is divided by k.
5
Suppose 0 = -2*f - 2*f + 12. Suppose -f*p + 2*p = -31. Calculate the remainder when p is divided by 11.
9
Suppose 2*b + 4*j - 30 = -j, -3*j + 60 = 4*b. Suppose 12 = -3*h - b. Let q = h + 36. Calculate the remainder when q is divided by 14.
13
Calculate the remainder when (1/(-1))/1*-105 is divided by 37.
31
Let q = -17 - -28. Calculate the remainder when q is divided by ((-5)/3)/((-25)/90).
5
Let a = 15 + -11. Suppose 2*p - 2*i - 22 = 0, a*p - 3 + 4 = -5*i. Calculate the remainder when 16 is divided by p.
4
Suppose 5*l = -0*l + 100. Suppose -4*y + 4 = -l. Calculate the remainder when y is divided by 4.
2
Let o = -3 - -5. Suppose -17 = -2*t - 3*f, -5*t + f - 5*f = -39. What is the remainder when t is divided by o?
1
Let z be (0 - 1 - -5)/2. Let s be z - (2 - 5)/3. What is the remainder when (s + -77)*2/(-4) is divided by 13?
11
Suppose c - 13 = 2. Suppose 0*t = -3*t + c. Suppose -33 = -t*l + 12. Calculate the remainder when 35 is divided by l.
8
Let y(a) be the first derivative of -a**4/4 - 2*a**3/3 - 3*a**2/2 - 6. Let x(o) = -3*o - 7. What is the remainder when x(-6) is divided by y(-2)?
5
Suppose -u + 0 + 7 = 0. Calculate the remainder when 12 is divided by u.
5
What is the remainder when (351/(-18))/(3/(-8)) is divided by 9?
7
Suppose 3*l - 350 = -2*l. Suppose -3*z + 54 = -j + 3*j, -4*j + 92 = -2*z. What is the remainder when l is divided by j?
22
Let d(k) be the third derivative of -k**5/60 + 5*k**3/6 + 3*k**2. Let f be d(0). Suppose 32 - 7 = f*m. What is the remainder when m is divided by 3?
2
Let w(y) = y**3 + 7*y**2 + y + 4. Calculate the remainder when w(-6) is divided by 9.
7
Let f = 14 + 4. Let i = f + -13. Suppose i*y = -2*q - 12 + 114, -q - 99 = -5*y. What is the remainder when y is divided by 11?
9
Let s = -4 + 4. Suppose 7*i - 2*i - 80 = s. Calculate the remainder when 62 is divided by i.
14
Suppose 0 = -3*x + x + 2*w + 26, -62 = -4*x - w. What is the remainder when 72 is divided by x?
12
Let c be 4/(-10) - 129/15. Let w = c + 13. Calculate the remainder when 7 is divided by w.
3
Calculate the remainder when 54 is divided by (-9)/(-21) - (-453)/21.
10
Suppose 3*w - 3 - 33 = 0. Let r = 21 - w. Calculate the remainder when r is divided by 4.
1